{"id":2,"date":"2024-04-25T09:40:56","date_gmt":"2024-04-25T09:40:56","guid":{"rendered":"https:\/\/bukokeret.hu\/home\/bukokeret\/public_html\/wordpress\/?page_id=2"},"modified":"2026-02-17T08:39:54","modified_gmt":"2026-02-17T07:39:54","slug":"rolunk","status":"publish","type":"page","link":"https:\/\/bukokeret.hu\/?page_id=2","title":{"rendered":"R\u00f3lunk"},"content":{"rendered":"\n<p>C\u00e9g\u00fcnk 100%-ban magyar tulajdon\u00fa v\u00e1llalkoz\u00e1s, 2012-ben alpa\u00edtottuk \u00e9s 2016-\u00f3ta foglalkozunk egyedi kieg\u00e9sz\u00edt\u0151 gy\u00e1rt\u00e1s\u00e1val teheraut\u00f3kra. pickupokra \u00e9s terepj\u00e1r\u00f3kra. <\/p>\n\n\n\n<blockquote class=\"wp-block-quote is-layout-flow wp-block-quote-is-layout-flow\">\n<p>A term\u00e9keink gondos odafigyel\u00e9ssel egyenk\u00e9nt ker\u00fclnek legy\u00e1rt\u00e1sra, minden esetben az \u00fcgyf\u00e9l ig\u00e9nyek szerint. A term\u00e9kpalett\u00e1nk nagyon sok g\u00e9pj\u00e1rm\u0171t\u00edpusra felszerelhet\u0151ek, viszont ha az \u00f6n g\u00e9pj\u00e1rm\u0171ve nincs a list\u00e1n, mi legy\u00e1rtjuk hozz\u00e1 a k\u00edv\u00e1nt buk\u00f3keretet vagy cs\u00f6rl\u0151tart\u00f3t. <\/p>\n<\/blockquote>\n\n\n\n<p>.B\u00e1rmi k\u00e9rd\u00e9se mer\u00fclne fel, keressen minket bizalommal valamelyik el\u00e9rhet\u0151s\u00e9g\u00fcnk egyik\u00e9n. <\/p>\n","protected":false},"excerpt":{"rendered":"<p>C\u00e9g\u00fcnk 100%-ban magyar tulajdon\u00fa v\u00e1llalkoz\u00e1s, 2012-ben alpa\u00edtottuk \u00e9s 2016-\u00f3ta foglalkozunk egyedi kieg\u00e9sz\u00edt\u0151 gy\u00e1rt\u00e1s\u00e1val teheraut\u00f3kra. pickupokra \u00e9s terepj\u00e1r\u00f3kra. A term\u00e9keink gondos odafigyel\u00e9ssel egyenk\u00e9nt ker\u00fclnek legy\u00e1rt\u00e1sra, minden esetben az \u00fcgyf\u00e9l ig\u00e9nyek szerint. A term\u00e9kpalett\u00e1nk nagyon sok g\u00e9pj\u00e1rm\u0171t\u00edpusra felszerelhet\u0151ek, viszont ha az \u00f6n g\u00e9pj\u00e1rm\u0171ve nincs a list\u00e1n, mi legy\u00e1rtjuk hozz\u00e1 a k\u00edv\u00e1nt buk\u00f3keretet vagy cs\u00f6rl\u0151tart\u00f3t. .B\u00e1rmi k\u00e9rd\u00e9se mer\u00fclne [&hellip;]<\/p>\n","protected":false},"author":1,"featured_media":0,"parent":0,"menu_order":0,"comment_status":"closed","ping_status":"closed","template":"","meta":{"footnotes":""},"class_list":["post-2","page","type-page","status-publish","hentry"],"jetpack_sharing_enabled":true,"_links":{"self":[{"href":"https:\/\/bukokeret.hu\/index.php?rest_route=\/wp\/v2\/pages\/2","targetHints":{"allow":["GET"]}}],"collection":[{"href":"https:\/\/bukokeret.hu\/index.php?rest_route=\/wp\/v2\/pages"}],"about":[{"href":"https:\/\/bukokeret.hu\/index.php?rest_route=\/wp\/v2\/types\/page"}],"author":[{"embeddable":true,"href":"https:\/\/bukokeret.hu\/index.php?rest_route=\/wp\/v2\/users\/1"}],"replies":[{"embeddable":true,"href":"https:\/\/bukokeret.hu\/index.php?rest_route=%2Fwp%2Fv2%2Fcomments&post=2"}],"version-history":[{"count":2,"href":"https:\/\/bukokeret.hu\/index.php?rest_route=\/wp\/v2\/pages\/2\/revisions"}],"predecessor-version":[{"id":176,"href":"https:\/\/bukokeret.hu\/index.php?rest_route=\/wp\/v2\/pages\/2\/revisions\/176"}],"wp:attachment":[{"href":"https:\/\/bukokeret.hu\/index.php?rest_route=%2Fwp%2Fv2%2Fmedia&parent=2"}],"curies":[{"name":"wp","href":"https:\/\/api.w.org\/{rel}","templated":true}]}}